osite?
False
Let j(z) = z**2 - 5*z + 2. Let l be j(5). Let f(x) = x - 11. Let p be f(13). Suppose 0 = -p*w - s + 498, -486 = -l*w - 5*s + s. Is w a composite number?
False
Let j(g) = 2*g**2 - 7*g + 12. Suppose 2*q - 24 = -2*q. Let b be j(q). Suppose -b = -a - a. Is a a prime number?
False
Let r = -3 - -24. Suppose -4*q + 4*m - 3 + 31 = 0, -3*q + r = m. Suppose -2*v - 2*b = -6*v + 34, 3*v = -5*b - q. Is v prime?
False
Suppose 3*z + 0*h + 3*h = 91908, -3*z + 91883 = -2*h. Is z prime?
True
Suppose 5*t = 3*h + 4838, 2*t - 1181 - 750 = -3*h. Is t composite?
False
Let t be (-9072)/(-20) + (-4)/(-10). Suppose 0 = -3*x + t + 1637. Is x composite?
True
Let f be 1/4 - 1590/(-40). Is -4*((-11770)/f - (-6)/4) prime?
True
Let a(h) = 62*h**2 - 2*h - 17. Is a(6) a prime number?
True
Let i = 268 + -481. Let z = i - -514. Is z prime?
False
Let a(v) = -v**2 + 8*v + 9. Let y be a(9). Let p be 4 - (625 + -3 + y). Is 0 + -1 + (12 - p) a composite number?
True
Let n be ((-84)/20)/(-3)*-5. Let p(h) = h**2 + 5*h - 12. Let u be p(n). Let w = 225 - u. Is w composite?
False
Suppose 0 = -w + 3*k + 3921 - 1433, -4931 = -2*w - 3*k. Is w a composite number?
False
Is 7 - ((-24)/(-15)*5 - 1118) prime?
True
Let z(k) = k**2 + 1 - 2*k - 6*k - 30. Is z(-6) prime?
False
Let d(t) = 4*t**2 + 46*t - 17. Is d(-21) a prime number?
False
Suppose 0*d + 40 = -10*d. Let q(i) = 106*i**2 + 14*i - 3. Is q(d) composite?
False
Is 3967*(20/(-5) + 5) prime?
True
Let f(k) = -k**2 + 4*k - 4. Let l be f(2). Suppose l = t - 0*t - 941. Is t a prime number?
True
Let j be (-2 - 1) + (6 - 0). Suppose j*s = 44 + 13. Suppose -43 - s = -2*a. Is a a prime number?
True
Let p(s) = -s**2 - 20*s + 36. Let g be p(-21). Is 212/5*g/6 + -3 composite?
False
Let c(r) = -28153*r - 11. Is c(-1) prime?
False
Suppose 4*b + b = 0. Suppose b = -u - 1, 0*c - c - u = 26. Let o = c + 660. Is o a composite number?
True
Suppose 2*k + 16 = -4*y, 2*k + 10 = -2*y - 4. Let l = k - -15. Let b = 16 - l. Is b a composite number?
False
Let r(g) = -2*g + 24. Let n be r(10). Let a(y) = 26*y**3 + 2*y**2 + 4*y - 3. Is a(n) a prime number?
True
Let a = 16559 - 7182. Is a prime?
True
Suppose -3*k + 2*f = -2*k - 14, k = -4*f + 8. Let d(w) = -w**3 + 14*w**2 - 8*w + 11. Is d(k) composite?
True
Let g(h) = -46*h - 11 + 13 - 10. Let q be g(-10). Suppose -q = 3*l - 5*l. Is l a prime number?
False
Suppose 0 = -6*u + 14*u - 23992. Is u composite?
False
Let d be (1 - (-1)/(-5))/(24/(-60)). Is d + 571 - (-5 - (-4 - -1)) a prime number?
True
Let t = -14635 + 22644. Is t a composite number?
False
Let l(t) be the third derivative of 7/60*t**5 - 3*t**2 - 5/6*t**3 + 0*t - 5/12*t**4 + 0 + 1/120*t**6. Is l(-7) a composite number?
True
Suppose -95 = -f + 62. Is f a prime number?
True
Let z be 49860/(-21) + (-8)/(-28). Let w = z + 3345. Is w prime?
True
Suppose -5*k - 4*h + 2705 = -0*k, -h = 0. Is k composite?
False
Let f(z) = -106*z - 389. Is f(-13) a prime number?
False
Let o(v) = -22*v**3 - 2*v**2 - 5*v - 5. Let n = -20 - -17. Let z be o(n). Suppose -211 = -a + z. Is a a composite number?
False
Suppose 4*k - k - s - 11 = 0, 0 = -3*k - 5*s - 1. Suppose 5*h - 5*j = 15790, -j = -k*h - 2*j + 9494. Is h a prime number?
True
Suppose 5*f + 71 = s, -3*f = -7*f - 4*s - 76. Is (2 + 8560/f)/((-2)/3) a prime number?
True
Let j(g) be the third derivative of -1/6*g**3 + 0*g + 5/4*g**4 + 0 + g**2. Is j(2) composite?
False
Let k(a) = 174*a**2 + 7*a - 1. Let b be k(3). Let w = 2647 - b. Is w a composite number?
False
Let k(b) = b**2 + 12*b + 7. Let m(f) = 11*f + 8. Let i(w) = 2*k(w) - 3*m(w). Is i(11) a prime number?
False
Is ((-18)/(-90))/(-2 - (-1610793)/805395) composite?
False
Let v be 8/16 - 11299/2. Suppose r + 2*r = 24. Is v/(-39) + r/52 composite?
True
Let d be 3 - 0*(-4)/16. Suppose -d*k = 2*k + 2065. Let p = -156 - k. Is p composite?
False
Let j(n) = -13*n**3 - n**2 + 12*n + 15. Let s be j(-4). Suppose s = 5*d - 3*k + 5*k, -3 = 3*k. Is d a prime number?
True
Suppose -5*q = 5*k - 15, 5*q - 5*k = 2*q + 1. Suppose 5*d - 1310 = 5*g, 0*d + 520 = 2*d + q*g. Let y = -164 + d. Is y a composite number?
False
Let x = 2359 - 476. Is x a composite number?
True
Suppose 3*w = 4252 + 11420. Let u = w - 3389. Is u a prime number?
False
Is (-502398)/(-182) - (25/(-7) + 3) a composite number?
True
Suppose 5*j = -a - a, 11 = 3*a + 2*j. Let z be 1/((-3)/(-6)*(-2)/(-1291)). Suppose -a*v = 2*x - z, -3*v - 4*x = -6*v + 759. Is v composite?
False
Suppose 2*k + 2 = 0, 7*k - 6524 = -y + 10*k. Is y a composite number?
False
Let t(h) be the third derivative of -15*h**4/8 - 8*h**3/3 + 36*h**2. Is t(-3) composite?
True
Suppose 3*l - 48 = -2*m - l, 3*m - 4*l - 62 = 0. Let t = -22 + m. Let x(s) = s**3 - 2*s**2 - s + 31. Is x(t) a composite number?
False
Let t(z) = z**3 + 16*z**2 + 2*z - 10. Suppose 8 = -p - 0*p. Let d be t(p). Suppose -s + 615 = 4*s - 4*l, 2*l = 4*s - d. Is s a composite number?
True
Let w(x) = x**2 + 11*x - 10. Let y be w(-12). Suppose -4*a + 8*a - 6 = -y*c, 0 = a - 5*c + 15. Suppose -4*t - 2*z + 42 = -2*t, a = 5*z + 10. Is t composite?
False
Let h = -384 + 730. Is h a prime number?
False
Let a = 2 - -2. Suppose a*y = -4*c + 1512, 0*c + 3*y + 761 = 2*c. Is c prime?
True
Is (11 + (-2)/2)/((-60)/(-9930)) composite?
True
Is ((-163768)/(-12))/(8/12) a composite number?
True
Suppose 12182 = 6*k - 1816. Is k prime?
True
Let p(q) = -2017*q - 228. Is p(-7) a composite number?
True
Let d(x) = -3*x**3 + 3*x**2 - 7*x + 5. Let t(m) = m**3 + m**2 + m. Let v(i) = d(i) + 2*t(i). Let o be v(5). Let c = -1 - o. Is c prime?
True
Let v(o) = -o - 8. Let l be v(-5). Let r(n) = -371*n + 4. Is r(l) composite?
False
Suppose -5*l = -2*d - 103528 + 15435, -88081 = -5*l - d. Is l a prime number?
False
Suppose 32*m = 30*m + 12. Suppose -5*k - 1 + m = 0, 4*v - 1792 = -4*k. Is v a composite number?
True
Suppose -s = -5*x - 2*s + 17, -10 = -4*x - 2*s. Suppose -5*z = -9 - 6, -407 = -j - x*z. Is j a composite number?
True
Let p(m) = -m**3 + 7*m**2 + m - 4. Let z be p(3). Is 4/4*1*z a prime number?
False
Let m(p) be the third derivative of 11*p**5/60 - p**4/12 + 7*p**3/3 + 2*p**2. Let g be m(6). Suppose h = -h + g. Is h a composite number?
False
Suppose -22709 = -4*z + f + 350035, -3*z = f - 279551. Is z a composite number?
True
Is 1 - 1/(-3) - 324153/(-27) composite?
False
Suppose 2*f = -0*f + 6. Is f - (7 + -4 - 33) composite?
True
Suppose d - 2*d = -7. Suppose 0 = -11*m + d*m + 124. Is m a prime number?
True
Suppose 4*w - 5641 = 1371. Is w composite?
False
Let b(r) = -12*r**2 + 3*r - 1. Let c(a) = -24*a**2 + 7*a - 3. Let n(q) = -5*b(q) + 2*c(q). Suppose 0*o = o + 2. Is n(o) a composite number?
True
Suppose 5*c - 30996 = -3*h, 5*h + 0*c + 3*c = 51644. Is h composite?
True
Let l = 1111 - 344. Is l a prime number?
False
Let g(s) = -s**2 + 12*s + 13. Let w be g(10). Let n be w/7 + (-10)/(-35). Suppose n*i - 1 = 64. Is i a composite number?
False
Suppose -2*j - 10621 = -4*l + 7895, -2*l - j = -9250. Is l prime?
False
Suppose -5*h = 55*x - 51*x - 424123, 4*h + 4*x - 339296 = 0. Is h prime?
True
Let x be (0 - -195) + (5 - 1). Let w = 342 - x. Is w a composite number?
True
Let p = 1721 + -2795. Is ((-7)/(-3))/((-1)/p*2) a composite number?
True
Is ((-799)/2 + 1 + 0)*-2 composite?
False
Let j(q) = 9*q + 8. Let g be j(-15). Let t = -30 - g. Is t a prime number?
True
Is 4323/4 - (-46)/184 a composite number?
True
Let t(s) = s**2 - 34. Let i be t(7). Is 13815/i + -3 + 1 composite?
False
Let w = -10878 + 17999. Is w composite?
False
Suppose -3*v - 1203 = -5*u + 2*u, -1215 = -3*u - v. Suppose -38 = -2*i + u. Is i a prime number?
False
Suppose -11*h = -15392 - 171355. Is h a prime number?
False
Let t = 67 - 31. Is 9741/18 - 6/t a prime number?
True
Let c(v) = -4*v**3 - 10*v**2 + 12*v + 45. Is c(-8) a prime number?
False
Let a = -24090 - -40567. Is a composite?
False
Let v = -56 - -40. Is 1*-2 - (-9 + v) a composite number?
False
Suppose 5*m - 6*v - 7 = -4*v, m = 2*v - 5. Suppose 5*s = -m*p + 74, -s + 4*s = 3*p + 30. Is s a prime number?
True
Suppose 1682331 = -41*t + 62*t. Is t a prime number?
True
Suppose 17*u - 4785 - 7693 = 0. Is u composite?
True
Is (12/(-1))/4 + 24284 a composite number?
False
Let c(r) = r**2 - r - 14. Let w be c(0). Let o be (4/(-6))/(w/105). Suppose 4379 = o*z - 2*u, -2161 = -3*z - 5*u + 485. Is 